 i be (1 - z/(-9))*-3. Suppose 7*x - 9*x = -i. Calculate the highest common divisor of x and 19.
19
Let y(n) = n**3 - 2*n**2 - 10*n - 17. Let v be y(5). Suppose 49 + 79 = v*p. Calculate the greatest common divisor of 112 and p.
16
Suppose -5*d + 535 = -700. Calculate the highest common divisor of 65 and d.
13
Let g(r) = r**2 - 7*r + 5. Let l be g(9). Suppose 4*f + 21 - 5 = b, 2*b = -3*f - l. Let x be b*(0/(-2) - 1). Calculate the highest common factor of x and 36.
4
Suppose 0*c = -3*c + 60. Let w = 791 - 711. What is the highest common factor of c and w?
20
Suppose -13*s + 21253 = -2199. Calculate the highest common divisor of s and 44.
44
Suppose r = 3*r + 3*x - 66, -5*x = 2*r - 62. Suppose 342 = -6*z + 414. What is the greatest common divisor of r and z?
12
Suppose -4*q = 0, 0 = 3*a - 2*a - q - 4. Suppose 3*u - a = 2. Calculate the greatest common factor of u and 22.
2
Let b be (-654)/(-12) - 2/4. Suppose b - 34 = 5*j. Calculate the greatest common factor of 36 and j.
4
Suppose 4*j - 22 = 5*x - 6*x, 5*x + 5*j = 140. Calculate the highest common factor of x and 60.
30
Let y be ((-35)/21)/(2 - (-82)/(-36)). Calculate the greatest common divisor of y and 42.
6
Let c = -19 + 15. Let i be (-4)/(-6)*(-18)/c. Suppose -2*h = h - 72. What is the highest common divisor of i and h?
3
Let i(d) = 2*d + 147. Let p be i(-14). Calculate the greatest common divisor of p and 17.
17
Let r(m) = -11*m + 64. Let f be r(5). Calculate the highest common factor of 15 and f.
3
Let l(k) = -6*k - 16. Let g be (-1)/((-8)/10 + 1)*1. Let h be l(g). Let d be 3/2 - 2/(-4). What is the greatest common divisor of d and h?
2
Let l = -13 + 40. Let z = 75 + 96. Suppose -5*g - k + 0*k = -273, -z = -3*g - 3*k. What is the highest common factor of g and l?
27
Suppose -9*f + 80 = -f. Calculate the greatest common factor of f and 40.
10
Suppose 0 = -9*y - 3*y + 2376. Suppose 9*i + 2*i = y. Let h = 2 - -4. What is the greatest common divisor of h and i?
6
Let y = -848 - -1387. Calculate the highest common factor of 11 and y.
11
Suppose -3*j - 2*k + 360 = 2*j, -3*j + 216 = k. Calculate the greatest common factor of 24 and j.
24
Suppose -f + 44 = 38. What is the greatest common factor of f and 102?
6
Let i(c) = 18*c**2 + 80*c - 37. Let d be i(-5). Suppose 5*p + 45 = -5*a + 475, -4*p - 293 = -3*a. What is the highest common factor of a and d?
13
Suppose 0*n = -5*x + 3*n + 25, -28 = -x - 4*n. Let q(l) = -137*l + 28. Let b be q(0). Calculate the highest common factor of x and b.
4
Suppose -4*y = -13*p + 11*p - 74, 5*y - 96 = -p. Suppose 7*l = 4*l + 570. Calculate the highest common factor of l and y.
19
Let w be (2*3)/(1/(-27)*-2). Let r be w + 21/(-14)*4/(-2). Calculate the greatest common divisor of r and 21.
21
Let o be (21/(-28))/(9/(-24)). Let c = 19 - 17. Let d be (c/3)/(3/72). What is the greatest common divisor of o and d?
2
Let q(z) = -z**3 + 12*z**2 + 4*z - 16. Let g be q(12). Let w be 16/(-4) + 2 - -18. Calculate the greatest common divisor of w and g.
16
Suppose 9408 = 18*g + 24*g. Calculate the greatest common divisor of 1008 and g.
112
Suppose -4*c = -6*c + 2. Let x be (c - 4)*(-23)/3. Calculate the greatest common divisor of 184 and x.
23
Suppose -3*l - 5*p + 57 = l, -2*l - 3*p + 27 = 0. What is the highest common factor of l and 234?
18
Let d = 48942 + -48847. Let l = 23 - 61. Let o be 0/1 - 0 - l. What is the greatest common divisor of o and d?
19
Let l = -354 + 553. Let z = l - 133. What is the greatest common divisor of 44 and z?
22
Suppose 36 = 3*m + 12. Let z(d) = -d**3 + 6*d**2 + d + 4. Let s(t) = -t + 8. Let q be s(4). Let g be z(q). What is the greatest common divisor of g and m?
8
Let m(x) = -x**3 - 13*x**2 - 4*x. Let t be m(-13). Suppose 0 = 9*o - 11*o + 260. What is the highest common divisor of o and t?
26
Suppose -6*x = 2*x - 1408. Calculate the greatest common divisor of 33 and x.
11
Let j(z) = 3*z + 7 - 5*z - 6*z + 2*z. Let a be j(7). Let c = 60 + a. Calculate the greatest common factor of 275 and c.
25
Let q = -6 - -12. Suppose -k + r = -q*k + 91, -1 = -r. What is the highest common factor of k and 18?
18
Let n = -1106 + 1160. What is the greatest common factor of n and 72?
18
Let m = -2 + 12. Let s be 34/m + 15/25. Suppose -5*q + 12 = -8. Calculate the greatest common divisor of q and s.
4
Let u(i) = -3*i - 2*i**2 + 182 + 1928*i**3 - 1927*i**3 - i**2. Let m be u(0). What is the greatest common divisor of 14 and m?
14
Suppose -4*b - 54 = -118. Suppose 5*t = -b + 26. Calculate the highest common factor of t and 8.
2
Suppose r - 65 = -3*n - 4*r, -3*n + 56 = -4*r. Suppose -26 = -3*k + 4. What is the greatest common factor of k and n?
10
Suppose -966 = 17*f - 23*f. Let x be (-2)/7 - (-102)/14. Calculate the highest common divisor of x and f.
7
Let x = -58 + 607. Suppose 0 = -4*f + x - 101. Let y be (-4 - 4 - -6)/((-2)/16). What is the highest common factor of f and y?
16
Let h = 14 + 74. What is the greatest common divisor of h and 253?
11
Let m(c) = c + 7. Let l be m(-13). Let w(d) = 2*d + 21. Let j be w(l). What is the greatest common divisor of j and 6?
3
Let h be (40/70)/((-4)/(-14)). Suppose w + h*w = 264. What is the greatest common divisor of 11 and w?
11
Suppose 2*l + 2*z - 3*z = 198, -2*l + 198 = 3*z. Let n(y) = -y**2 + 8*y - 1. Let r be n(6). Calculate the greatest common divisor of l and r.
11
Let d be 13/(-26) + 15/(-2). Let n be 2/(d/4)*-297. Suppose -3*i + n = -0*i. Calculate the greatest common factor of i and 11.
11
Let b be (30/(-7))/((-30)/140). Suppose w + 0*w - 11 = -q, -4*w + 2*q + 26 = 0. Calculate the greatest common factor of w and b.
4
Suppose o = 2*q - 0*q - 31, 0 = -o + 3. Let x be 27/(-9) - (20 + 2 + -2)*-1. Calculate the greatest common divisor of x and q.
17
Let j(k) = -5*k**2 - 4*k + 5. Let w(x) = x**2 - x - 1. Let v(u) = j(u) + 4*w(u). Let p be v(-7). Let m = 16 - p. Calculate the highest common factor of 8 and m.
8
Suppose 0 = c - 5*c + 144. Suppose -8*m + 35 = 3. Calculate the highest common divisor of c and m.
4
Let l = 1279 - 1186. Calculate the highest common divisor of l and 6.
3
Suppose 2*j = -10, 3*g = 54*j - 50*j + 29. What is the greatest common factor of g and 192?
3
Suppose -5*c - d + 25 = 0, -7 = -d - 2. Let p be (-30)/(-3)*(5 - (c - 1)). Calculate the greatest common factor of 20 and p.
20
Suppose -5*f + 13 = -7. Suppose 2*l - 4*l = f*o - 552, 3*o + 4*l - 404 = 0. Let a be 22 + -1 - (-9 + 10). What is the highest common divisor of a and o?
20
Let g = 251 + -167. What is the highest common factor of g and 392?
28
Let x = -22 - -8. Let p = x - -17. Suppose -n + 1 = -4*o + 44, 0 = -o + p*n + 19. Calculate the greatest common factor of 15 and o.
5
Let a(w) = -w**2 - 8*w + 4. Let h be a(-6). Let j be (3 - 7)*2/(-4). Suppose j*k - 86 = 74. Calculate the highest common divisor of k and h.
16
Let b = 1 + 2. Let u = 3 - b. Suppose -72 = -u*k - 4*k. What is the highest common factor of k and 2?
2
Let f(n) = -46*n**2 - n. Let k be f(-1). Let b = k + 113. Calculate the greatest common factor of 170 and b.
34
Let i be ((-198)/(-10))/(3081/(-520) + 6). Calculate the highest common divisor of i and 121.
11
Let d(i) = 38*i + 530. Let c be d(-11). Suppose 0 = -3*r - 5*b + 47, 5*r - 17 = 4*b + 49. Let m be (8 - 2)*r/6. What is the highest common divisor of m and c?
14
Suppose -3*n + 107 = -187. Let d be (-171)/(-12) - (-3)/(-12). Calculate the highest common factor of n and d.
14
Let i be (-6)/27 - 2935/(-45). Suppose i = 5*f - 390. Let g be 3*-26*(-3)/18. What is the highest common divisor of f and g?
13
Let o be ((-396)/(-330))/(1 + (-46)/50). Let s(d) = d**3 + 7*d**2 + 6*d + 3. Let f be s(-6). What is the highest common factor of o and f?
3
Suppose 8 = -y + r + 4*r, 2*r + 4 = 4*y. Suppose 350 = 3*q + y*q. Calculate the greatest common divisor of 35 and q.
35
Let v(y) = y**2 - 7*y - 158. Let p be v(20). What is the greatest common divisor of 442 and p?
34
Let s(a) = 6*a**2 + 2*a - a**3 - 18 + 18. Let q be s(5). Let c be ((-5)/(-3))/(1/3). What is the highest common divisor of c and q?
5
Suppose 33*w = 30*w + 216. What is the greatest common divisor of w and 48?
24
Let d = -774 + 1104. What is the highest common divisor of 66 and d?
66
Let d(r) = 24*r**2 + 23. Let q be d(-4). Calculate the greatest common divisor of q and 111.
3